 5*t - 3*y, -3*t + y + 61 = 0. Let r be (-55)/t*6/(-5). Let h(c) = -r*c + 2 + c**2 - 8*c + 4*c. Calculate h(5).
-8
Let q(k) = k + 1. Let v(t) = -t**2 - t - 1. Let a(g) = -4*g**2 - 10*g - 2. Let d = 24 - 19. Let i(n) = d*v(n) - a(n). Let u be i(3). Calculate q(u).
4
Let f(o) = 46395*o + 41 - 68 - 46399*o. Determine f(-8).
5
Let c = -975 - -969. Let m(t) = -6*t - 12. Determine m(c).
24
Let l(o) = 9*o + 4. Let z(u) = -8*u - 3. Let v be (-2)/(-13) + (-93)/13. Let n(i) = v*z(i) - 6*l(i). Let a be ((-5)/4)/(1/(-4)). Determine n(a).
7
Let i(v) be the second derivative of -1/20*v**5 + 0 + 8*v - 5/6*v**3 - 5/12*v**4 - 3*v**2. Calculate i(-3).
-9
Let y = 29201 + -29197. Let u(b) = 14*b - 44. What is u(y)?
12
Let n(t) = -5*t**2. Let m(h) = h**2 + 7*h - 17. Let z be m(-9). Let f(y) = 6*y**2 - y. Let l be f(z). Suppose 4*j = 2*c - 14 - 8, 5*c + l*j + 20 = 0. Give n(c).
-5
Let s(r) be the third derivative of r**5/60 + 7*r**4/24 - 3*r**3/2 - 3*r**2. Let o be (-1280)/800 - 27/5. What is s(o)?
-9
Let n(j) = j**3 + 6*j**2 + 6*j + 3. Let q(s) = 2*s**3 + 29*s**2 - 17*s - 44. Let v be q(-15). Let u be (v/(-21))/(4/(-30)). Calculate n(u).
-2
Let d(a) = -3*a**2 + 22*a + 2. Suppose 5*m = 3*n - 41, -5*n + 85 = -2*m + 42. Calculate d(n).
9
Let r = 2296 - 2289. Let m(x) = x**2 - 9*x - 1. Give m(r).
-15
Let l(p) = -15 + 3*p - 7*p - 23 + 12. Give l(-5).
-6
Suppose -4*a + 25 = 5*x, -179*x = -178*x - 1. Let h = 4 + -2. Let i(p) = -h - 2*p**2 + 3*p**2 + 0*p - 5*p. Calculate i(a).
-2
Suppose h = 0, -4*x - 4*h - 101 + 777 = 0. Let n = x + -158. Let w(g) = g - 11. Determine w(n).
0
Let i(x) = -x**2 + 17*x - 2. Let s be (3 + (-1017)/12)/((-9)/24). Let u = 235 - s. Give i(u).
-2
Let s(f) = f - 3. Let w be s(3). Suppose 1406*r - 408 = 1394*r. Let l(i) = -8*i + i**2 - 11*i + r*i - 14*i + 1. Give l(w).
1
Suppose 0 = 9*h - 24*h + 11633 - 11708. Let i(r) = -7*r + 3. Let z(f) = 15*f - 6. Let n(d) = 5*i(d) + 2*z(d). What is n(h)?
28
Let g(c) = 10*c**3 - 6*c + 3. Suppose -92*q + 200 = 8*q - 0*q. Give g(q).
71
Let m(z) be the third derivative of -z**6/120 - z**5/15 - z**4/4 - 5*z**3/2 - 840*z**2. Give m(-6).
93
Let q(m) be the third derivative of 17*m**4/24 - 7*m**3/6 + 105*m**2. Determine q(-2).
-41
Let t be 1/4 - 3/(84/175). Let n(i) = 2*i**3 + 13*i**2 + 14*i + 39. Let o be n(t). Let k(b) = -b**3 - 10*b**2 - 7*b + 13. What is k(o)?
-5
Let i(m) be the first derivative of m**3/3 - 9*m**2/2 + 11*m + 2232. Determine i(10).
21
Let s be -24*(132/495 + (-2)/(-5)). Let i(w) = w**2 + 10*w - 85. What is i(s)?
11
Let f(z) = 6*z - 2. Let y = 20 + -16. Suppose -2*x = -y*x - 4. Let l(u) = -3*u + 1. Let h(o) = x*f(o) - 5*l(o). Calculate h(2).
5
Let w = 264 - 214. Let u = -53 + w. Let z(l) = -l**2 - l + 7. What is z(u)?
1
Let x(z) be the second derivative of 0 - 4/3*z**3 - 40*z + 1/2*z**2. Suppose 3*p - 8 = -0*p + 5*t, 5*p + 2*t = 3. Determine x(p).
-7
Let x = 1976 - 1983. Let i(t) = 2*t**2 + 5*t - 10. Give i(x).
53
Suppose 0 + 33 = 2*h - 3*b, -5*b = 3*h - 21. Let r(q) = -9*q + 114. Let t be r(h). Let s(k) = -3*k - 2. Determine s(t).
-20
Let l(j) = -98*j**2 - j - j + j + 97*j**2 + 0*j + 37. Determine l(0).
37
Let z(t) = -4*t - 1. Let b(s) = s**3 + 7*s**2 - 9*s - 3. Let i be b(-8). Suppose i*r - r - 28 = 0. Let x be (-1)/(-3) - r/3. What is z(x)?
7
Let r(k) = 26*k**2 - 3*k + 176 + 53*k**2 + 5*k - 84 - 88. What is r(-1)?
81
Let k(p) = p**3 - 26*p**2 + 163*p + 25. Let u be k(11). Let t(a) = -5*a. Determine t(u).
-15
Let l(u) be the third derivative of -11*u**4/24 + 7*u**3/6 + 17*u**2 + 19. Calculate l(-3).
40
Let f(k) = -25*k + 136. Let b be f(5). Let r(w) = w**2 - 10*w + 1. Give r(b).
12
Let f(x) = -2*x**2 + 17 + 16*x**3 + 64*x - 30*x - 30*x + 3 - 21. Determine f(1).
17
Let s(h) = -31*h + 82*h - 11 - 18*h - 34*h. What is s(-8)?
-3
Let i(h) be the second derivative of -h**4/12 - h**3/6 + h**2/2 + 16*h. Let u be 5/5 - (-3 + 0). Suppose -u*f - 17 = -c - 0*c, 2*f = -4*c - 22. What is i(c)?
-5
Let y = -26 + 24. Let p(j) be the second derivative of j**4/12 - j**3/3 - 3*j**2/2 - 733*j. Give p(y).
5
Suppose 0 = -4*s + 5*m - 4*m + 26, -2*m + 8 = 2*s. Let v(g) = -1 - 16*g + g**3 - 26*g + s + 56*g - 19*g - 6*g**2. Give v(7).
19
Let j(h) be the second derivative of -h**5/20 - h**4/3 + h**3/2 + h**2/2 + 31*h. Suppose -10*x = -9*x - 2. Suppose -3*c - x*c = 25. Give j(c).
11
Let d(a) = -a**2 - 8*a + 26. Let p(y) = y**3 + 4*y**2 - 282*y + 47. Let h be p(-19). Give d(h).
6
Let c(y) = y**3 + 6*y**2 + 3*y - 4. Let b = 1079 + -1083. Determine c(b).
16
Let l = 84 - 89. Let w(n) be the third derivative of n**4/12 - 7*n**3/6 - 25*n**2. Determine w(l).
-17
Let k = 1326 + -1330. Let v(w) = w**2 + 7*w + 8. Let z(b) = -5*b**2 - 35*b - 41. Let d(p) = 11*v(p) + 2*z(p). Calculate d(k).
-6
Let d = -10 - -4. Let i = 235 - 217. Let r(y) = i - 27 + y + 15. Give r(d).
0
Let n be -2 + 138/16 - (-6 - 45/(-8)). Let u(m) = -6*m**2 + 8*m - 1. Let a(y) = 5*y**2 - 8*y + 2. Let b(d) = -5*a(d) - 4*u(d). What is b(n)?
1
Let t(q) = 2*q + 190. Let m(d) = 6*d + 602. Let n(r) = 5*m(r) - 16*t(r). Determine n(0).
-30
Let d(t) be the second derivative of 3*t**5/20 - t**4/4 - 3*t**2/2 + 600*t. What is d(-3)?
-111
Let p(k) be the first derivative of 2*k**3 + 3 + 1/4*k**4 + 0*k + 3/2*k**2. What is p(-6)?
-18
Suppose 5*r - 2193 - 957 = 0. Let p = 630 - r. Let y(j) = -j**3 + j**2 + 2*j + 5. Give y(p).
5
Let y(s) = 2*s**3 + 123*s**2 - 7*s - 26. Let w(g) = g**3 + 72*g**2 - 4*g - 13. Let l(p) = 5*w(p) - 3*y(p). Suppose 7 = -f - 2. Calculate l(f).
4
Let y(g) = 17*g**3 + 23*g**2 - 7*g + 7. Let s(m) = 8*m**3 + 11*m**2 - 3*m + 3. Let o = 151 - 145. Let l(f) = o*y(f) - 13*s(f). Determine l(-3).
21
Let i(b) = 4*b**2 + 43*b + 94. Let x be i(-3). Let f(d) = 4*d**2 + 2*d - 1. Calculate f(x).
5
Suppose -4*n = -5*u - 6*n + 212372, -2*u = -3*n - 84964. Let o(f) = f**2 - u - 8*f + 42488 - 3*f**2. Determine o(-5).
2
Suppose -22 + 62 = 2*i. Let t be 4 + (i - (7 + -3)). Suppose 5*w = t, 2*q - 2 = 2*w - 5*w. Let v(j) = -2*j - 2. Determine v(q).
8
Let z(d) = d**3 + 3*d**2 - 3*d + 3. Suppose -5*v + 893 = 2*o, 0*o + o - 414 = 4*v. Suppose -6*w = w - o. Let p = w + -66. Give z(p).
-1
Let f(g) = -2*g - 47. Let m(i) = -i**3 + 5*i**2 - 5*i. Let u be m(5). Let y be f(u). Let d(n) = -n - 4. Calculate d(y).
-7
Let y(o) = 7*o**3 - 2*o**2 + 1. Let x(g) = g**3 + 9*g**2 + 3*g + 29. Let r be x(-9). Suppose 3*z - 1 = 4*p, -3*z + r = -4*p - z. Give y(p).
-8
Suppose -3*v - 3*i + 84 = 0, 4*v + 4*i - i = 115. Let y = v - 27. Let c(d) = 3*d**2 + y - 15*d + 10*d + d + d**3. Give c(-4).
4
Let d(y) = y**2 + 13*y - 11. Let t(z) be the third derivative of -z**4/4 + 5*z**3/6 + z**2. Let j = 7989 - 7976. Let r(f) = j*t(f) + 6*d(f). Determine r(1).
5
Let h be 40/(-16) - -1 - 341/(-2). Let d = h - 164. Let a(u) = u**2 - 7*u + 3. What is a(d)?
-7
Let k(m) = -3*m - 3*m**2 - m**2 + 0*m + 6 - 36*m**3 + 35*m**3 + m. Determine k(-5).
41
Let u(k) = -11*k**2 + 5*k + 4*k**2 + 3*k - 2 - k**3. Let l = -180 - -184. Suppose 10 = -l*x - 22. Calculate u(x).
-2
Let n = -5021 + 5028. Let x(v) be the third derivative of -v**5/120 - 7*v**4/24 - v**3/6 - 2*v**2. Let p(t) be the first derivative of x(t). Determine p(n).
-14
Let i(v) = -v**2 - 6. Let c(j) = -23*j - 94. Let p be c(-20). Let l = 366 - p. Determine i(l).
-6
Suppose -5 = -n - 3*p, 6 = 2*n - 0*n + 2*p. Suppose -n*l = 4*w - 16, 4 = -0*w + w + l. Let k(j) = 3 + 0 - 3*j**2 - 4 + 3*j - w*j. Calculate k(-1).
-3
Suppose -21 = -4*a + 5*o, 3*a - o - 2 = -0*a. Let r be -1 - a - (5 + -5)/1. Suppose -9*u + 0*u - 18 = r. Let m(p) = -4*p**2 - 2*p - 2. Give m(u).
-14
Let u(j) be the third derivative of -j**5/30 + j**4/6 - j**3/2 - j**2 - 7444*j. Suppose 2*l + 3*l = 20. Suppose l*m + 0*m = 8. Calculate u(m).
-3
Let h(q) = -3*q**2 - 122*q - 80. Let b be h(-40). Suppose b = 55*i - 42*i + 65. Let t(n) = -n**2 - 5*n + 3. What is t(i)?
3
Let i(f) = -14*f + 180*f**2 - 6 - 89*f**2 - 19 - 92*f**2. Calculate i(-14).
-25
Let b(n) = -62*n + 61*n + 72646 - 72647. Let x = 4 + 1. Suppose -3 = l + x*z - 1, 0 = -4*z - 8. What is b(l)?
-9
Let n = -9950 + 9943. Let m(t) = 16*t + 34. Give m(n).
-78
Let f be 120/28 + (-7)/((-98)/(-4)). Suppose 2 = 2*x - 5*n - 5, -f*n = 4*x + 56. Let c(h) = h**3 + 10*h**2 + 10*h + 8. Give c(x).
-1
Let v(j) = -j**3 - 12*j**2 - 11*j + 7. Let n(z) = -z**2 - 7*z + 7. Le